In base 9, what is 40 - -1?
41
In base 10, what is -1 - 140?
-141
In base 16, what is 13 - -3?
16
In base 16, what is 0 + -157a?
-157a
In base 5, what is 3101 - 0?
3101
In base 10, what is 830 - -3?
833
In base 6, what is 52 - 5?
43
In base 10, what is -627 + 5?
-622
In base 12, what is 2 - -21?
23
In base 6, what is -232 - -4?
-224
In base 8, what is -3 + -1664?
-1667
In base 4, what is -21 - 12001?
-12022
In base 12, what is 6 + -1070?
-1066
In base 9, what is -218 + 12?
-206
In base 11, what is 66 + -9?
58
In base 5, what is 21 - -10?
31
In base 3, what is 102012 - -11?
102100
In base 15, what is -62 - 11?
-73
In base 9, what is 14 + -25?
-11
In base 4, what is 1010302 + 3?
1010311
In base 16, what is 4 - 6f?
-6b
In base 4, what is 11 + -203?
-132
In base 16, what is -3ed - -2?
-3eb
In base 9, what is 5 - 885?
-880
In base 3, what is 12212 + 2?
12221
In base 6, what is 4 - -210?
214
In base 14, what is -19b + 9?
-192
In base 5, what is 1 - -2121?
2122
In base 3, what is 1 - 1110100?
-1110022
In base 2, what is 10000001001 - -10?
10000001011
In base 9, what is 3 - 3?
0
In base 3, what is -201100 - 211?
-202011
In base 8, what is -157 - 1?
-160
In base 8, what is 31316 - -1?
31317
In base 14, what is -1 + -b12?
-b13
In base 6, what is -151 + -44?
-235
In base 11, what is -7738 - -2?
-7736
In base 16, what is -1115 + 2?
-1113
In base 7, what is 1 + 553?
554
In base 15, what is -48 - 1?
-49
In base 6, what is 23 + -40?
-13
In base 4, what is -1030313 + -11?
-1030330
In base 11, what is 42 - 1?
41
In base 11, what is -1 - 127?
-128
In base 4, what is 120103 - -1?
120110
In base 9, what is 22 + 58?
81
In base 16, what is 11 - -185?
196
In base 6, what is 25205 + 0?
25205
In base 8, what is 3 + -37?
-34
In base 5, what is -2 - 211?
-213
In base 10, what is -6 - 66?
-72
In base 15, what is -5 + -34?
-39
In base 6, what is -353 + 3?
-350
In base 7, what is 13 - -51?
64
In base 16, what is d + 1?
e
In base 7, what is 4 + 1540?
1544
In base 7, what is -32 + -1?
-33
In base 9, what is -242 + -11?
-253
In base 3, what is 202212 - 0?
202212
In base 12, what is -17 - 7?
-22
In base 4, what is -10 - -30000?
23330
In base 13, what is 5 - 1c8?
-1c3
In base 5, what is -121 - 4?
-130
In base 15, what is 0 + -6a7?
-6a7
In base 3, what is -212 - 20?
-1002
In base 2, what is 100 - 11110000?
-11101100
In base 9, what is -3 - 78?
-82
In base 14, what is 3 + -42c?
-429
In base 12, what is 17 - 71?
-56
In base 12, what is -b + 24?
15
In base 14, what is -62 - 12?
-74
In base 9, what is -111 - -1?
-110
In base 3, what is -12111 + 22?
-12012
In base 16, what is -18 + 4?
-14
In base 12, what is 23 - -56?
79
In base 14, what is 1d9 + -9?
1d0
In base 9, what is 4 - 2?
2
In base 3, what is -211210 + 2?
-211201
In base 13, what is -2 + -33?
-35
In base 9, what is -55 - -1?
-54
In base 11, what is -4865 + -2?
-4867
In base 8, what is 134 - 11?
123
In base 8, what is -1 + -2?
-3
In base 2, what is 1000001 + 11101?
1011110
In base 5, what is 2321 - -1?
2322
In base 14, what is -13 - 1a?
-2d
In base 7, what is 1300 - -5?
1305
In base 7, what is -31 + 13?
-15
In base 15, what is 4 + 1207?
120b
In base 3, what is -12 - 202010?
-202022
In base 8, what is 7 + 403?
412
In base 2, what is -111 + -100010011001?
-100010100000
In base 13, what is -245b - 4?
-2462
In base 7, what is -1 - 345?
-346
In base 13, what is 1 - -562?
563
In base 8, what is -36 + -14?
-52
In base 14, what is -28 + 29?
1
In base 14, what is 3 + 38?
3b
In base 9, what is 16 - 10?
6
In base 8, what is -3 + 73?
70
In base 5, what is -2 - -1313?
1311
In base 4, what is 0 - -1311?
1311
In base 13, what is -21 - 17?
-38
In base 15, what is 15c9 - 1?
15c8
In base 3, what is 11 + 10112212?
10120000
In base 11, what is -4 - -11?
8
In base 12, what is -b1 + -5?
-b6
In base 14, what is -171a - -3?
-1717
In base 2, what is -1100010 + -10?
-1100100
In base 14, what is b + -8c?
-81
In base 14, what is -203 + 8?
-1d9
In base 16, what is 0 - 37?
-37
In base 6, what is -11 + -1551?
-2002
In base 12, what is -1011b - 2?
-10121
In base 10, what is 9516 - 3?
9513
In base 15, what is -2 - 15?
-17
In base 6, what is 1404 + 25?
1433
In base 13, what is 3c6 + 8?
401
In base 6, what is -111 - 114?
-225
In base 16, what is -5 - 5d?
-62
In base 15, what is -d35 + 2?
-d33
In base 2, what is 1101 + -111?
110
In base 6, what is -15145 - -11?
-15134
In base 5, what is 220 - -112?
332
In base 5, what is 2 - 331?
-324
In base 13, what is -b - -78?
6a
In base 12, what is -40 + -2a?
-6a
In base 9, what is 27 + -61?
-33
In base 8, what is 653 + 21?
674
In base 15, what is 9 - 124?
-11a
In base 10, what is 1008 - 5?
1003
In base 3, what is -121 - 0?
-121
In base 9, what is 34 - -2?
36
In base 12, what is -54 + -9?
-61
In base 16, what is -db + -1?
-dc
In base 10, what is -12 - -1492?
1480
In base 5, what is 2 + 12400?
12402
In base 3, what is -21 + 11?
-10
In base 3, what is 1221201 + -10?
1221121
In base 13, what is -5 - b?
-13
In base 12, what is 7 - -1a?
25
In base 11, what is -18 - -380?
363
In base 6, what is -30 - -5?
-21
In base 3, what is -2010 - -2112?
102
In base 5, what is 11 + 2?
13
In base 6, what is 2 + -15450?
-15444
In base 12, what is -1 - -67?
66
In base 16, what is -4 + 142?
13e
In base 12, what is 4 + 65?
69
In base 6, what is 1 + -23315?
-23314
In base 13, what is 108 + 4?
10c
In base 8, what is 3 + 5?
10
In base 14, what is -183 + 0?
-183
In base 12, what is -374 - -6?
-36a
In base 5, what is -1140120 - -2?
-1140113
In base 2, what is -11010011 - 101?
-11011000
In base 7, what is 12 - 155?
-143
In base 2, what is 1011101 - 11?
1011010
In base 4, what is 10231232 - -10?
10231302
In base 12, what is -58 + 1?
-57
In base 9, what is 55 - 0?
55
In base 13, what is -5 - -46?
41
In base 16, what is 3 - 172?
-16f
In base 3, what is 11 + -10111022?
-10111011
In base 5, what is -14 - 244?
-313
In base 6, what is 5 - -2225?
2234
In base 13, what is 1181 - 3?
117b
In base 13, what is 1 + 12?
13
In base 16, what is a - 388?
-37e
In base 10, what is -7 + 668?
661
In base 16, what is -238 - -3?
-235
In base 11, what is -113 + 155?
42
In base 10, what is 13994 + -3?
13991
In base 16, what is -3e9 - -9?
-3e0
In base 15, what is -6 - 3?
-9
In base 13, what is -253 - -13?
-240
In base 16, what is b1 - -6?
b7
In base 16, what is 27 - 2?
25
In base 2, what is -1000011100 + 1001?
-1000010011
In base 13, what is 1 + -bb?
-ba
In base 5, what is -10 - -2234?
2224
In base 12, what is -579 - -23?
-556
In base 13, what is -3 + -1961?
-1964
In base 15, what is -c + 3?
-9
In base 13, what is 3 + 68?
6b
In base 7, what is 614 + 4?
621
In base 3, what is 10020 + 0?
10020
In base 15, what is 24 + -622?
-5ed
In base 10, what is 254 - 36?
218
In base 2, what is 110 - 100111111101?
-100111110111
In base 4, what is 22130 + 0?
22130
In base 13, what is 361 - -21?
382
In base 3, what is 1 + -2010?
-2002
In base 15, what is 3 - -670?
673
In base 14, what is 9 + d0?
d9
In base 11, what is -15 + -6?
-20
In base 16, what is -a56 - -4?
-a52
In base 12, what is 3 + -8?
-5
In base 10, what is 1 + -260?
-259
In base 7, what is -21 - 1330?
-1351
In base 11, what is 47 + -291?
-245
In base 7, what is 233 - 13?
220
In base 9, what is 14375 - -1?
14376
In base 5, what is -1 - -210?
204
In base 10, what is 60 + 5?
65
In base 9, what is -14 - -7?
-6
In base 15, what is -54 - 5?
-59
In base 9, what is -6 - -555?
548
In base 5, what is 10 - -4441?
10001
In base 14, what is -947d + 0?
-947d
In base 3, what is 12 + 20?
102
In base 6, what is 5 + -13?
-4
In base 13, what is 5 - 2aa?
-2a5
In base 10, what is 2 - 327?
-325
In base 8, what is 5 + 1653?
1660
In base 6, what is 1303 - -5?
1312
In base 6, what is -10 - -3154?
3144
In base 15, what is 1c2 + 0?
1c2
In base 7, what is 1411 + -1?
1410
In base 15, what is 14 - -2?
16
In base 11, what is -3 - -408?
405
In base 10, what is 6 + -1090?
-1084
In base 13, what is -71 - -4?
-6a
In base 6, what is -21141 + -2?
-21143
In base 14, what is 1a + 69?
85
In base 16, what is -1 + 532?
531
In base 8, what is 32 + 5?
37
In base 12, what is 14 + 5?
19
In base 3, what is 1001 - -2111?
10112
In base 11, what is -5 - 2185?
-218a
In base 6, what is -55 + 35?
-20
In base 16, what is -8 - -35?
2d
In base 2, what is 111011 - 1010?
110001
In base 14